{"version":"1.0","type":"rich","provider_name":"Paroisse\u003Cbr\/\u003E Stes Marthe et Marie \u003Cbr\/\u003E La Ravoire","provider_url":"https:\/\/laravoire.paroisse73.fr","title":"Hom\u00e9lie du 30&nbsp;Ao\u00fbt - 22\u003Csup class=\"typo_exposants\"\u003Ee\u003C\/sup\u003E dimanche du T.O.","author_name":"Mich\u00e8le","width":"480","height":"295","url":"https:\/\/laravoire.paroisse73.fr\/Homelie-du-30-Aout-22e-dimanche-du-T-O.html","html":"\u003Ch4 class='title'\u003E\u003Ca href='https:\/\/laravoire.paroisse73.fr\/Homelie-du-30-Aout-22e-dimanche-du-T-O.html'\u003EHom\u00e9lie du 30&nbsp;Ao\u00fbt - 22\u003Csup class=\"typo_exposants\"\u003Ee\u003C\/sup\u003E dimanche du T.O.\u003C\/a\u003E\u003C\/h4\u003E\u003Cblockquote class='spip'\u003E\n\u003Cp\u003E&#171;&nbsp;Si quelqu\u2019un veut marcher \u00e0 ma suite, qu\u2019il renonce \u00e0 lui-m\u00eame, qu\u2019il prenne sa croix et qu\u2019il me suive&nbsp;!&nbsp;&#187; C\u2019est r\u00e9guli\u00e8rement que J\u00e9sus nous invite \u00e0 prendre notre croix mais aujourd\u2019hui je voudrais m\u00e9diter sur cette parole \u00e0 partir de la r\u00e9flexion de Sainte Th\u00e9r\u00e8se de l\u2019enfant J\u00e9sus qui disait&nbsp;: &#171;&nbsp;La Croix que l\u2019on tra\u00eene est plus lourde que la croix que l\u2019on porte.&nbsp;&#187; Prendre notre croix \u00e0 la suite de J\u00e9sus, c\u2019est donc la porter et non la tra\u00eener. \n\n\u2026\u003C\/p\u003E\n\u003C\/blockquote\u003E\n"}

Homélie du 30&nbsp;Août - 22<sup class="typo_exposants">e</sup> dimanche du T.O.

Michèle

<h4 class='title'><a href='https://laravoire.paroisse73.fr/Homelie-du-30-Aout-22e-dimanche-du-T-O.html'>Homélie du 30&nbsp;Août - 22<sup class="typo_exposants">e</sup> dimanche du T.O.</a></h4><blockquote class='spip'>
<p>&#171;&nbsp;Si quelqu’un veut marcher à ma suite, qu’il renonce à lui-même, qu’il prenne sa croix et qu’il me suive&nbsp;!&nbsp;&#187; C’est régulièrement que Jésus nous invite à prendre notre croix mais aujourd’hui je voudrais méditer sur cette parole à partir de la réflexion de Sainte Thérèse de l’enfant Jésus qui disait&nbsp;: &#171;&nbsp;La Croix que l’on traîne est plus lourde que la croix que l’on porte.&nbsp;&#187; Prendre notre croix à la suite de Jésus, c’est donc la porter et non la traîner. 

…</p>
</blockquote>
