{"version":"1.0","type":"rich","provider_name":"Paroisse\u003Cbr\/\u003E Stes Marthe et Marie \u003Cbr\/\u003E La Ravoire","provider_url":"https:\/\/laravoire.paroisse73.fr","title":"Bulletin paroissial du mois de septembre","author_name":"Mich\u00e8le","width":"480","height":"295","url":"https:\/\/laravoire.paroisse73.fr\/Bulletin-paroissial-du-mois-de-septembre-1315.html","html":"\u003Ch4 class='title'\u003E\u003Ca href='https:\/\/laravoire.paroisse73.fr\/Bulletin-paroissial-du-mois-de-septembre-1315.html'\u003EBulletin paroissial du mois de septembre\u003C\/a\u003E\u003C\/h4\u003E\u003Cblockquote class='spip'\u003E\n\u003Cp\u003EC\u2019est la rentr\u00e9e&nbsp;! \n\nRetrouvez les informations concernant la paroisse pour le mois de septembre, nous commen\u00e7ons par la journ\u00e9e de rentr\u00e9e paroissiale le 6&nbsp;septembre, une journ\u00e9e plac\u00e9e sous le signe de la joie et de la convivialit\u00e9.\u003C\/p\u003E\n\u003C\/blockquote\u003E\n"}

Michèle

<h4 class='title'><a href='https://laravoire.paroisse73.fr/Bulletin-paroissial-du-mois-de-septembre-1315.html'>Bulletin paroissial du mois de septembre</a></h4><blockquote class='spip'>
<p>C’est la rentrée&nbsp;! 

Retrouvez les informations concernant la paroisse pour le mois de septembre, nous commençons par la journée de rentrée paroissiale le 6&nbsp;septembre, une journée placée sous le signe de la joie et de la convivialité.</p>
</blockquote>
